{"id":914,"date":"2019-12-05T00:18:03","date_gmt":"2019-12-04T23:18:03","guid":{"rendered":"https:\/\/dietenbach-ist-ueberall.de\/?page_id=914"},"modified":"2019-12-05T00:18:03","modified_gmt":"2019-12-04T23:18:03","slug":"rodungen-und-baumfaellungen","status":"publish","type":"page","link":"https:\/\/dietenbach-ist-ueberall.de\/?page_id=914","title":{"rendered":"Rodungen und Baumf\u00e4llungen"},"content":{"rendered":"\n<h3><a href=\"https:\/\/dietenbach-ist-ueberall.de\/?page_id=844\" target=\"_blank\" rel=\"noreferrer noopener\" aria-label=\"Dietenbachs Waldfl\u00e4chen (\u00f6ffnet in neuem Tab)\">Dietenbachs Waldfl\u00e4chen<\/a><\/h3>\n\n\n\n<h3><a rel=\"noreferrer noopener\" href=\"https:\/\/dietenbach-ist-ueberall.de\/?page_id=668\" target=\"_blank\">Eugen-Keidel-Bad<\/a><\/h3>\n\n\n\n<p><br><br><br><br>Demn\u00e4chst werden hier Details zu weiteren vergangenen und k\u00fcnftigen Pl\u00e4nen der &#8222;Green City&#8220; zu Rodungen und Baumf\u00e4llungen vorgestellt.<\/p>\n","protected":false},"excerpt":{"rendered":"<p>Dietenbachs Waldfl\u00e4chen Eugen-Keidel-Bad Demn\u00e4chst werden hier Details zu weiteren vergangenen und k\u00fcnftigen Pl\u00e4nen der &#8222;Green City&#8220; zu Rodungen und Baumf\u00e4llungen vorgestellt.<\/p>\n","protected":false},"author":2,"featured_media":0,"parent":0,"menu_order":0,"comment_status":"closed","ping_status":"closed","template":"","meta":[],"_links":{"self":[{"href":"https:\/\/dietenbach-ist-ueberall.de\/index.php?rest_route=\/wp\/v2\/pages\/914"}],"collection":[{"href":"https:\/\/dietenbach-ist-ueberall.de\/index.php?rest_route=\/wp\/v2\/pages"}],"about":[{"href":"https:\/\/dietenbach-ist-ueberall.de\/index.php?rest_route=\/wp\/v2\/types\/page"}],"author":[{"embeddable":true,"href":"https:\/\/dietenbach-ist-ueberall.de\/index.php?rest_route=\/wp\/v2\/users\/2"}],"replies":[{"embeddable":true,"href":"https:\/\/dietenbach-ist-ueberall.de\/index.php?rest_route=%2Fwp%2Fv2%2Fcomments&post=914"}],"version-history":[{"count":5,"href":"https:\/\/dietenbach-ist-ueberall.de\/index.php?rest_route=\/wp\/v2\/pages\/914\/revisions"}],"predecessor-version":[{"id":956,"href":"https:\/\/dietenbach-ist-ueberall.de\/index.php?rest_route=\/wp\/v2\/pages\/914\/revisions\/956"}],"wp:attachment":[{"href":"https:\/\/dietenbach-ist-ueberall.de\/index.php?rest_route=%2Fwp%2Fv2%2Fmedia&parent=914"}],"curies":[{"name":"wp","href":"https:\/\/api.w.org\/{rel}","templated":true}]}}