{"id":648,"date":"2019-09-25T23:43:55","date_gmt":"2019-09-25T21:43:55","guid":{"rendered":"https:\/\/dietenbach-ist-ueberall.de\/?page_id=648"},"modified":"2020-06-08T23:12:53","modified_gmt":"2020-06-08T21:12:53","slug":"medienmitteilungen","status":"publish","type":"page","link":"https:\/\/dietenbach-ist-ueberall.de\/?page_id=648","title":{"rendered":"Unsere Medienmitteilungen"},"content":{"rendered":"<div class=\"entry-content\">\n<div class=\"entry-content\">\n<h2>Zur Pressekonferenz am 18.05.2020 von Baub\u00fcrgermeister Martin Haag<\/h2>\n<h3>23. Mai 2020<\/h3>\n<p><a href=\"https:\/\/dietenbach-ist-ueberall.de\/wp-content\/uploads\/2020\/06\/PM.Gr\u00fcn_in_Dietenbach_UG.pdf\" target=\"_blank\" rel=\"noopener noreferrer\">Pressemitteilung vom 23. Mai 2020 von Ulrich Glaubitz im Namen der Waldgruppe der BA &#8222;Dietenbach ist \u00fcberall&#8220;<\/a><\/p>\n<hr \/>\n<h2>Tag des Waldes &#8211; Petition gegen 3.700 geplante Baumf\u00e4llungen<\/h2>\n<h3>17. M\u00e4rz 2020<\/h3>\n<p><a href=\"https:\/\/dietenbach-ist-ueberall.de\/wp-content\/uploads\/2020\/03\/PM.Waldrodungen_17.03.2020.pdf\" target=\"_blank\" rel=\"noopener noreferrer\">Pressemitteilung vom 17. M\u00e4rz 2020 zur Petition &#8222;Keine Waldrodung zwischen Rieselfeld und Dietenbach&#8220; sowie zur Einladung eines Spaziergangs am Tag des Waldes, dem 21. M\u00e4rz 2020<\/a><\/p>\n<hr \/>\n<h2>Die Einwohnerversammlung am 11.11.2019 zu Dietenbach<\/h2>\n<h3>6. November 2019<\/h3>\n<p><a href=\"https:\/\/dietenbach-ist-ueberall.de\/wp-content\/uploads\/2019\/11\/PM-Einw.Vers_._06Nov2019.pdf\">Pressemitteilung der Vertrauenspersonen vom 6. November 2019 zur Einwohnerversammlung zum geplanten Stadtteil Dietenbach<\/a><\/p>\n<hr \/>\n<h2>Die zweiten tausend Unterschriften<\/h2>\n<h3>11. September 2019<\/h3>\n<p><a href=\"https:\/\/dietenbach-ist-ueberall.de\/wp-content\/uploads\/2019\/09\/PM-Einwohnerversammlung_11Sep2019.pdf\">Medienmitteilung der Vertrauenspersonen vom 11. September 2019 zur Abgabe der zweiten tausend Unterschriften<\/a><\/p>\n<\/div>\n<div class=\"entry-content\">\n<hr \/>\n<h2>Die ersten tausend Unterschriften<\/h2>\n<h3>4. Juli 2019<\/h3>\n<p><a href=\"https:\/\/dietenbach-ist-ueberall.de\/wp-content\/uploads\/2019\/08\/MM_EV_05.07.19.pdf\">Medienmitteilung der Vertrauenspersonen vom 4. Juli 2019 zur Abgabe der ersten tausend Unterschriften<\/a><\/p>\n<\/div>\n<div class=\"entry-content\">\n<hr \/>\n<h2>Start der Unterschriftensammlung<\/h2>\n<h3>26. April 2019<\/h3>\n<p><a href=\"https:\/\/dietenbach-ist-ueberall.de\/wp-content\/uploads\/2019\/08\/PM-BuergeraktionDietenbach_26Apr2019.pdf\">Pressemitteilung der Vertrauenspersonen vom 26.04.2019 zum Start der Unterschriftensammlung<\/a><\/p>\n<\/div>\n<\/div>\n<h2><\/h2>\n","protected":false},"excerpt":{"rendered":"<p>Zur Pressekonferenz am 18.05.2020 von Baub\u00fcrgermeister Martin Haag 23. Mai 2020 Pressemitteilung vom 23. Mai 2020 von Ulrich Glaubitz im Namen der Waldgruppe der BA &#8222;Dietenbach ist \u00fcberall&#8220; Tag des Waldes &#8211; Petition gegen 3.700 geplante Baumf\u00e4llungen 17. M\u00e4rz 2020 Pressemitteilung vom 17. M\u00e4rz 2020 zur Petition &#8222;Keine Waldrodung zwischen Rieselfeld und Dietenbach&#8220; sowie zur &hellip; <\/p>\n<p class=\"link-more\"><a href=\"https:\/\/dietenbach-ist-ueberall.de\/?page_id=648\" class=\"more-link\"><span class=\"screen-reader-text\">\u201eUnsere Medienmitteilungen\u201c<\/span> weiterlesen<\/a><\/p>\n","protected":false},"author":3,"featured_media":0,"parent":0,"menu_order":0,"comment_status":"closed","ping_status":"closed","template":"","meta":[],"_links":{"self":[{"href":"https:\/\/dietenbach-ist-ueberall.de\/index.php?rest_route=\/wp\/v2\/pages\/648"}],"collection":[{"href":"https:\/\/dietenbach-ist-ueberall.de\/index.php?rest_route=\/wp\/v2\/pages"}],"about":[{"href":"https:\/\/dietenbach-ist-ueberall.de\/index.php?rest_route=\/wp\/v2\/types\/page"}],"author":[{"embeddable":true,"href":"https:\/\/dietenbach-ist-ueberall.de\/index.php?rest_route=\/wp\/v2\/users\/3"}],"replies":[{"embeddable":true,"href":"https:\/\/dietenbach-ist-ueberall.de\/index.php?rest_route=%2Fwp%2Fv2%2Fcomments&post=648"}],"version-history":[{"count":17,"href":"https:\/\/dietenbach-ist-ueberall.de\/index.php?rest_route=\/wp\/v2\/pages\/648\/revisions"}],"predecessor-version":[{"id":1448,"href":"https:\/\/dietenbach-ist-ueberall.de\/index.php?rest_route=\/wp\/v2\/pages\/648\/revisions\/1448"}],"wp:attachment":[{"href":"https:\/\/dietenbach-ist-ueberall.de\/index.php?rest_route=%2Fwp%2Fv2%2Fmedia&parent=648"}],"curies":[{"name":"wp","href":"https:\/\/api.w.org\/{rel}","templated":true}]}}

<div class="entry-content">
<div class="entry-content">
<h2>Zur Pressekonferenz am 18.05.2020 von Baubürgermeister Martin Haag</h2>
<h3>23. Mai 2020</h3>
<p><a href="https://dietenbach-ist-ueberall.de/wp-content/uploads/2020/06/PM.Grün_in_Dietenbach_UG.pdf" target="_blank" rel="noopener noreferrer">Pressemitteilung vom 23. Mai 2020 von Ulrich Glaubitz im Namen der Waldgruppe der BA &#8222;Dietenbach ist überall&#8220;</a></p>
<hr />
<h2>Tag des Waldes &#8211; Petition gegen 3.700 geplante Baumfällungen</h2>
<h3>17. März 2020</h3>
<p><a href="https://dietenbach-ist-ueberall.de/wp-content/uploads/2020/03/PM.Waldrodungen_17.03.2020.pdf" target="_blank" rel="noopener noreferrer">Pressemitteilung vom 17. März 2020 zur Petition &#8222;Keine Waldrodung zwischen Rieselfeld und Dietenbach&#8220; sowie zur Einladung eines Spaziergangs am Tag des Waldes, dem 21. März 2020</a></p>
<hr />
<h2>Die Einwohnerversammlung am 11.11.2019 zu Dietenbach</h2>
<h3>6. November 2019</h3>
<p><a href="https://dietenbach-ist-ueberall.de/wp-content/uploads/2019/11/PM-Einw.Vers_._06Nov2019.pdf">Pressemitteilung der Vertrauenspersonen vom 6. November 2019 zur Einwohnerversammlung zum geplanten Stadtteil Dietenbach</a></p>
<hr />
<h2>Die zweiten tausend Unterschriften</h2>
<h3>11. September 2019</h3>
<p><a href="https://dietenbach-ist-ueberall.de/wp-content/uploads/2019/09/PM-Einwohnerversammlung_11Sep2019.pdf">Medienmitteilung der Vertrauenspersonen vom 11. September 2019 zur Abgabe der zweiten tausend Unterschriften</a></p>
</div>
<div class="entry-content">
<hr />
<h2>Die ersten tausend Unterschriften</h2>
<h3>4. Juli 2019</h3>
<p><a href="https://dietenbach-ist-ueberall.de/wp-content/uploads/2019/08/MM_EV_05.07.19.pdf">Medienmitteilung der Vertrauenspersonen vom 4. Juli 2019 zur Abgabe der ersten tausend Unterschriften</a></p>
</div>
<div class="entry-content">
<hr />
<h2>Start der Unterschriftensammlung</h2>
<h3>26. April 2019</h3>
<p><a href="https://dietenbach-ist-ueberall.de/wp-content/uploads/2019/08/PM-BuergeraktionDietenbach_26Apr2019.pdf">Pressemitteilung der Vertrauenspersonen vom 26.04.2019 zum Start der Unterschriftensammlung</a></p>
</div>
</div>
<h2></h2>

<p>Zur Pressekonferenz am 18.05.2020 von Baubürgermeister Martin Haag 23. Mai 2020 Pressemitteilung vom 23. Mai 2020 von Ulrich Glaubitz im Namen der Waldgruppe der BA &#8222;Dietenbach ist überall&#8220; Tag des Waldes &#8211; Petition gegen 3.700 geplante Baumfällungen 17. März 2020 Pressemitteilung vom 17. März 2020 zur Petition &#8222;Keine Waldrodung zwischen Rieselfeld und Dietenbach&#8220; sowie zur &hellip; </p>
<p class="link-more"><a href="https://dietenbach-ist-ueberall.de/?page_id=648" class="more-link"><span class="screen-reader-text">„Unsere Medienmitteilungen“</span> weiterlesen</a></p>
