{"id":1311,"date":"2020-04-28T20:59:11","date_gmt":"2020-04-28T18:59:11","guid":{"rendered":"https:\/\/dietenbach-ist-ueberall.de\/?page_id=1311"},"modified":"2020-09-09T07:57:39","modified_gmt":"2020-09-09T05:57:39","slug":"einladung-zum-spaziergang","status":"publish","type":"page","link":"https:\/\/dietenbach-ist-ueberall.de\/?page_id=1311","title":{"rendered":"Einladung zum Spaziergang"},"content":{"rendered":"\n<h2><\/h2>\n\n\n\n<figure class=\"wp-block-image size-large is-resized\"><img loading=\"lazy\" src=\"https:\/\/dietenbach-ist-ueberall.de\/wp-content\/uploads\/2020\/04\/Wald-Cut-1024x545.jpg\" alt=\"\" class=\"wp-image-1310\" width=\"1024\" height=\"545\" srcset=\"https:\/\/dietenbach-ist-ueberall.de\/wp-content\/uploads\/2020\/04\/Wald-Cut-1024x545.jpg 1024w, https:\/\/dietenbach-ist-ueberall.de\/wp-content\/uploads\/2020\/04\/Wald-Cut-300x160.jpg 300w, https:\/\/dietenbach-ist-ueberall.de\/wp-content\/uploads\/2020\/04\/Wald-Cut-768x409.jpg 768w, https:\/\/dietenbach-ist-ueberall.de\/wp-content\/uploads\/2020\/04\/Wald-Cut-1536x817.jpg 1536w, https:\/\/dietenbach-ist-ueberall.de\/wp-content\/uploads\/2020\/04\/Wald-Cut-2048x1089.jpg 2048w\" sizes=\"(max-width: 767px) 89vw, (max-width: 1000px) 54vw, (max-width: 1071px) 543px, 580px\" \/><\/figure>\n\n\n\n<p style=\"font-size:18px\">Liebe Naturfreunde,<br><br>der Fr\u00fchling ist da und lockt uns hinaus in die Natur. Wir wollen auf eine bevorstehende Waldvernichtung hinweisen. Ja, es geht um das l\u00e4ngst beschlossene Thema Dietenbach. Aber muss zur Schaffung von Wohnraum auch wertvoller Wald gef\u00e4llt werden? Es geht um 3700 B\u00e4ume auf 50000 m\u00b2 Fl\u00e4che f\u00fcr <strong>Baden-W\u00fcrttembergs gr\u00f6\u00dftes geplantes Neubaugebiet<\/strong>. W\u00e4hrend des B\u00fcrgerentscheids liess sich Projektleiter Engel noch in verschiedenen Zeitungen zitieren, f\u00fcr Dietenbach m\u00fcsse kein Baum gef\u00e4llt werden. Wir haben einen Teil dieser B\u00e4ume nun nummeriert, um den Menschen das Ausma\u00df zu zeigen. Ein jeder m\u00f6ge sich mit eigenen Augen davon \u00fcberzeugen, wie wertvoll diese Fl\u00e4chen sind. Zeitgleich l\u00e4uft unsere <a rel=\"noreferrer noopener\" href=\"https:\/\/www.change.org\/p\/oberb%C3%BCrgermeister-martin-horn-und-gemeinderat-der-stadt-freiburg-im-breisgau-keine-waldrodung-zwischen-rieselfeld-und-dietenbach-klima-naturschutz-statt-kahlschlag\" target=\"_blank\"><strong>Petition<\/strong><\/a>, die diese F\u00e4llung verhindern soll. Vielleicht sind Sie danach ja auch der Meinung, unsere Petition geh\u00f6rt unterschrieben und verbreitet.<br>Martin Gn\u00e4dinger, Waldgruppe Dietenbach ist \u00fcberall<\/p>\n\n\n\n<p style=\"font-size:18px\">Weitere Informationen \u00fcber die vorgesehene Rodung dieser Waldfl\u00e4chen:<\/p>\n\n\n\n<p style=\"font-size:18px\"><a href=\"https:\/\/dietenbach-ist-ueberall.de\/?page_id=844\"><strong>Dietenbachs Waldfl\u00e4chen<\/strong><\/a><\/p>\n","protected":false},"excerpt":{"rendered":"<p>Liebe Naturfreunde, der Fr\u00fchling ist da und lockt uns hinaus in die Natur. Wir wollen auf eine bevorstehende Waldvernichtung hinweisen. Ja, es geht um das l\u00e4ngst beschlossene Thema Dietenbach. Aber muss zur Schaffung von Wohnraum auch wertvoller Wald gef\u00e4llt werden? Es geht um 3700 B\u00e4ume auf 50000 m\u00b2 Fl\u00e4che f\u00fcr Baden-W\u00fcrttembergs gr\u00f6\u00dftes geplantes Neubaugebiet. W\u00e4hrend &hellip; <\/p>\n<p class=\"link-more\"><a href=\"https:\/\/dietenbach-ist-ueberall.de\/?page_id=1311\" class=\"more-link\"><span class=\"screen-reader-text\">\u201eEinladung zum Spaziergang\u201c<\/span> weiterlesen<\/a><\/p>\n","protected":false},"author":1,"featured_media":0,"parent":0,"menu_order":0,"comment_status":"closed","ping_status":"closed","template":"","meta":[],"_links":{"self":[{"href":"https:\/\/dietenbach-ist-ueberall.de\/index.php?rest_route=\/wp\/v2\/pages\/1311"}],"collection":[{"href":"https:\/\/dietenbach-ist-ueberall.de\/index.php?rest_route=\/wp\/v2\/pages"}],"about":[{"href":"https:\/\/dietenbach-ist-ueberall.de\/index.php?rest_route=\/wp\/v2\/types\/page"}],"author":[{"embeddable":true,"href":"https:\/\/dietenbach-ist-ueberall.de\/index.php?rest_route=\/wp\/v2\/users\/1"}],"replies":[{"embeddable":true,"href":"https:\/\/dietenbach-ist-ueberall.de\/index.php?rest_route=%2Fwp%2Fv2%2Fcomments&post=1311"}],"version-history":[{"count":9,"href":"https:\/\/dietenbach-ist-ueberall.de\/index.php?rest_route=\/wp\/v2\/pages\/1311\/revisions"}],"predecessor-version":[{"id":1553,"href":"https:\/\/dietenbach-ist-ueberall.de\/index.php?rest_route=\/wp\/v2\/pages\/1311\/revisions\/1553"}],"wp:attachment":[{"href":"https:\/\/dietenbach-ist-ueberall.de\/index.php?rest_route=%2Fwp%2Fv2%2Fmedia&parent=1311"}],"curies":[{"name":"wp","href":"https:\/\/api.w.org\/{rel}","templated":true}]}}